est common factor of 24690 and 90?
30
Calculate the highest common factor of 46376 and 1953.
31
Calculate the greatest common divisor of 9805 and 1147.
37
Calculate the highest common divisor of 1610 and 324415.
805
What is the highest common divisor of 69542 and 696?
58
Calculate the greatest common divisor of 39 and 21516.
3
Calculate the greatest common factor of 7859 and 1421.
29
Calculate the greatest common factor of 304 and 1328.
16
Calculate the highest common divisor of 11300 and 48.
4
Calculate the highest common factor of 172 and 487534.
86
Calculate the highest common factor of 283 and 5377.
283
Calculate the highest common divisor of 43483 and 33.
11
Calculate the greatest common factor of 21 and 42420.
21
Calculate the greatest common factor of 5734 and 3050.
122
What is the highest common factor of 228 and 9082?
38
What is the highest common factor of 349756 and 132?
44
Calculate the greatest common divisor of 7690183 and 167.
167
Calculate the greatest common factor of 84 and 1356432.
84
What is the highest common divisor of 45 and 4203?
9
What is the greatest common divisor of 31150 and 350?
350
What is the highest common divisor of 150 and 41600?
50
Calculate the highest common factor of 182 and 1458002.
182
What is the highest common factor of 21810 and 1740?
30
What is the greatest common divisor of 716229 and 54?
27
What is the highest common divisor of 2033550 and 450?
450
What is the highest common factor of 8973 and 963?
9
Calculate the highest common divisor of 63 and 7767.
9
What is the highest common divisor of 85 and 417265?
85
Calculate the highest common factor of 27219 and 1032.
129
Calculate the highest common divisor of 65485 and 2765.
35
What is the greatest common factor of 358 and 8950?
358
What is the greatest common factor of 110916 and 12?
12
Calculate the highest common divisor of 43580 and 20.
20
Calculate the greatest common divisor of 353490 and 240.
30
Calculate the highest common factor of 9204 and 339132.
708
What is the highest common factor of 35150 and 34675?
475
What is the greatest common divisor of 11 and 2625073?
11
What is the greatest common factor of 243 and 1194?
3
What is the highest common factor of 528 and 7632?
48
What is the greatest common divisor of 39632 and 16?
16
Calculate the greatest common divisor of 33870 and 10.
10
What is the greatest common factor of 4 and 107123?
1
What is the highest common divisor of 282808 and 145?
29
What is the highest common factor of 599044 and 248?
124
What is the greatest common factor of 4037 and 734?
367
What is the highest common divisor of 225743 and 1547?
119
What is the greatest common factor of 19915 and 210?
35
Calculate the highest common divisor of 24 and 222252.
12
Calculate the greatest common factor of 270 and 102735.
135
What is the greatest common divisor of 2275960 and 20?
20
What is the highest common divisor of 57 and 48811?
19
Calculate the greatest common factor of 40890 and 21054.
174
Calculate the greatest common factor of 400256 and 128.
128
Calculate the highest common factor of 57 and 205485.
57
Calculate the greatest common factor of 14416 and 1536.
16
What is the greatest common factor of 40242 and 152?
38
What is the highest common divisor of 8601 and 6345?
141
Calculate the highest common divisor of 3666 and 18.
6
What is the greatest common divisor of 6 and 2582?
2
Calculate the highest common divisor of 144 and 97424.
16
What is the greatest common factor of 333410 and 350?
70
What is the greatest common divisor of 34 and 25279?
17
Calculate the greatest common factor of 14703 and 55601.
169
What is the greatest common divisor of 3675692 and 348?
116
What is the highest common divisor of 958512 and 1824?
912
Calculate the greatest common divisor of 1224 and 6960888.
1224
Calculate the greatest common factor of 27159 and 440.
11
What is the greatest common divisor of 17289 and 15759?
153
What is the highest common divisor of 22 and 708719?
11
Calculate the highest common divisor of 2600 and 35080.
40
What is the highest common divisor of 51 and 559997?
17
What is the highest common factor of 9441 and 153?
9
Calculate the highest common divisor of 48 and 2416.
16
Calculate the greatest common divisor of 20416 and 37642.
638
What is the greatest common factor of 7 and 1062887?
7
Calculate the highest common factor of 906 and 1005962.
302
Calculate the highest common divisor of 4942234 and 22.
22
Calculate the greatest common divisor of 54112 and 2318.
38
What is the highest common factor of 3472 and 121954?
434
Calculate the greatest common divisor of 389045 and 460.
115
Calculate the highest common factor of 194 and 315444.
194
What is the highest common divisor of 1585 and 395?
5
What is the highest common divisor of 4806 and 277947?
801
Calculate the greatest common divisor of 25987 and 1.
1
Calculate the greatest common factor of 59867 and 3199.
457
Calculate the greatest common factor of 3105 and 51520.
115
Calculate the highest common factor of 104 and 1677.
13
Calculate the highest common divisor of 108 and 503676.
36
Calculate the greatest common factor of 816 and 5058384.
816
Calculate the greatest common factor of 64 and 24088.
8
Calculate the greatest common factor of 2225 and 131000.
25
What is the greatest common divisor of 42 and 205443?
21
What is the highest common divisor of 30300 and 69892?
404
Calculate the greatest common factor of 52949 and 364.
13
What is the greatest common factor of 47 and 62?
1
What is the greatest common divisor of 45 and 53175?
15
Calculate the highest common divisor of 340800 and 213.
213
What is the greatest common factor of 41355 and 18?
9
What is the greatest common divisor of 1102 and 77710?
38
What is the greatest common factor of 5497 and 1265?
23
Calculate the highest common factor of 177 and 5428.
59
What is the highest common divisor of 116 and 10327248?
116
What is the greatest common divisor of 118 and 7680030?
118
What is the highest common factor of 195611 and 65?
13
Calculate the highest common factor of 3991 and 121572.
307
What is the highest common divisor of 6440 and 3312?
184
What is the greatest common divisor of 122712 and 144?
24
Calculate the highest common factor of 1240 and 382540.
620
Calculate the highest common factor of 459 and 68.
17
What is the greatest common factor of 231 and 20055?
21
Calculate the highest common factor of 7326 and 94842.
198
Calculate the highest common divisor of 99 and 47399.
11
Calculate the highest common factor of 4620 and 272160.
420
What is the greatest common divisor of 315 and 1918530?
45
What is the greatest common divisor of 351 and 4953?
39
Calculate the highest common factor of 2964 and 372216.
156
Calculate the greatest common factor of 1768 and 100932.
52
What is the greatest common factor of 25506 and 90?
18
Calculate the greatest common divisor of 364907 and 290.
29
Calculate the highest common factor of 1188 and 1012.
44
Calculate the greatest common divisor of 213435 and 153.
153
Calculate the highest common factor of 5647418 and 42.
14
Calculate the greatest common factor of 179235 and 35.
35
Calculate the greatest common factor of 9972 and 234.
18
Calculate the greatest common factor of 456 and 235068.
228
Calculate the greatest common factor of 2147002 and 286.
286
What is the greatest common factor of 226100 and 630?
70
Calculate the greatest common divisor of 17728 and 2368.
64
Calculate the greatest common factor of 1453 and 1.
1
What is the highest common factor of 7250 and 50?
50
What is the highest common divisor of 145922 and 882?
98
What is the greatest common divisor of 86 and 58523?
43
What is the greatest common divisor of 17085 and 3819?
201
What is the highest common factor of 82 and 11734282?
82
Calculate the greatest common factor of 17 and 12342.
17
Calculate the greatest common factor of 6 and 209.
1
What is the greatest common factor of 145938 and 728?
26
Calculate the highest common divisor of 1432 and 18.
2
Calculate the greatest common factor of 624 and 5472.
48
What is the highest common divisor of 578775 and 150?
75
What is the highest common factor of 288 and 2754?
18
What is the greatest common factor of 420 and 86478?
42
What is the greatest common divisor of 96692 and 